)
4
Evaluate (-3 - -1) + (3 - (10 - 4)).
-5
What is (0 - (-4 + 6)) + -3?
-5
Evaluate (4 - (-1 - (2 - -2))) + -4.
5
What is the value of 1 - (5 + 1 - (0 + 2))?
-3
Calculate -1 + 4 + -5 - -1 - -3.
2
Calculate 11 + -2 - (-20 + 24).
5
What is 7 - (9 - (-2 + 7))?
3
What is the value of ((-3 - -1) + 3 - 2) + 2?
1
3 + (-4 - (-4 + 3)) - -1
1
(1 - 3) + (-2 - -6 - 5)
-3
What is the value of -1 + 1 - -4 - 3?
1
What is (-5 + 12 - 0) + -2?
5
10 - (0 - (5 + -13))
2
What is 3 + (-8 - (-10 - -3)) + -3?
-1
What is the value of 3 - (10 + -8 + (0 - -3))?
-2
Calculate 10 - 9 - (2 - -2).
-3
What is 2 + (7 - (11 - 2))?
0
What is (49 - 54) + (9 - 0) + -1?
3
Calculate 16 - 3 - (11 + -3).
5
What is 0 + -1 + 2 + -4?
-3
What is -4 + -4 + 0 + 4?
-4
(-2 - -7) + -7 + 8
6
What is -2 - (-1 + -3 + 2)?
0
Calculate 8 + (10 - 5 - 12).
1
Calculate 3 - (-3 + 10 + -5).
1
3 + (3 - 7) + -6
-7
What is the value of 0 + 0 - (1 + -5)?
4
Evaluate (5 - (6 - 6)) + -5.
0
Calculate 2 + (1 - -2) + (-8 - -5).
2
What is 2 - -2 - (-24 - -28)?
0
What is the value of 0 + -1 + (-4 + 5 - 6)?
-6
Calculate 4 - ((-10 - -12) + 10).
-8
Calculate -3 + 7 + 1 - 3.
2
(0 - 0) + -42 + 45
3
Calculate 6 - (-3 + 2 - (-7 - -3)).
3
0 + (5 - 5) + -3
-3
Evaluate -5 + (3 - 9) + 3 + 2.
-6
Calculate 11 - 1 - -1 - (-27 - -28).
10
What is the value of -6 + -10 + 2 + 6?
-8
What is 15 + (-5 - -2) - 6?
6
(-3 - (1 + -1) - -6) + -8
-5
What is the value of 3 - (-1 + 1 - -1)?
2
Calculate 0 + (-10 + 1 - -2).
-7
(-45 - -55) + 0 + -5
5
What is 1 + (-2 - 1) - 1 - 2?
-5
Evaluate 2 + -3 - (4 - 6).
1
Calculate -3 - (-1 - -2 - 6 - 0).
2
(-4 - (-6 + -1)) + -5 + 0
-2
-10 + -8 + 7 + 5 - -6
0
What is the value of 1 + (4 - (4 + 1))?
0
-7 - (-10 + 5) - 2
-4
What is 3 + 1 + (6 - (14 - 8))?
4
What is the value of 19 + -22 + (-1 - -6)?
2
What is (-7 - -4 - 2 - -6) + -6?
-5
What is the value of 0 - (5 - (4 + -2))?
-3
What is the value of (3 - 1 - 0) + 14 + -19?
-3
Evaluate 5 - (8 - (-5 - -6 - -2)).
0
What is 5 + 0 - (-23 + 22) - 0?
6
Evaluate 4 + -4 + (-3 - -5) + -1.
1
What is the value of -4 + 15 - (3 + 16)?
-8
Evaluate 6 + -12 + 4 + 1 + 1.
0
3 - (-8 + (3 - -9))
-1
What is 8 - ((-6 - -2) + 9)?
3
-4 - (-4 - 2 - -2)
0
Calculate 1 + 2 + 1 - (16 + -10).
-2
7 - 6 - (2 - -3 - 0)
-4
What is the value of -4 + (0 + 5 - -8)?
9
What is the value of 0 + 0 + 8 + -4 - 2?
2
Evaluate (-1 - 2) + 6 + 2.
5
What is 10 + (8 - 14) - -5?
9
0 + -1 + 4 + 2 + 0
5
Evaluate (-4 - (-7 - -7)) + 8.
4
(-9 - -5) + 3 - -2
1
Calculate -1 + -1 - 16 - -8.
-10
Calculate 2 - -6 - (-21 - -26) - -2.
5
Calculate -3 + 1 + -4 + 5.
-1
(-2 - (-1 - (3 + -4))) + 6
4
-1 + (9 - (7 + 1 + -2))
2
-2 + (-4 - -4) - (-7 - 0)
5
2 - ((10 - 4) + -4)
0
(1 - -4 - 10) + 1
-4
What is the value of (2 - -1) + 16 + -20 + -1?
-2
Calculate (-1 - 1) + 8 + -3.
3
Evaluate -8 - (-3 + -6 + -2).
3
What is (0 + -3 - (-17 - -14)) + -10?
-10
What is -8 - (-29 + 7 + 6 + 2)?
6
What is 2 + 2 + 0 + -10?
-6
What is the value of (0 - -5) + -1 + 3 + -4?
3
Evaluate 4 + -8 + 0 - -3.
-1
What is the value of (-13 - 5 - -9) + 4?
-5
What is the value of -1 + (13 - 7) + (1 - 9)?
-3
-6 - (9 - (21 - 5))
1
What is the value of (-14 - -18) + (3 - 4)?
3
What is the value of 6 + -6 - (-1 - -6)?
-5
Calculate 4 + (6 - 4) - (-7 - -14).
-1
What is (0 + 4 - -2) + -7 + 2?
1
What is the value of (1 - 2) + (5 - 6) - -4?
2
What is 12 - 7 - (0 + 4)?
1
(6 - (1 - 3)) + (3 - 1)
10
9 + -8 + -2 + 9
8
0 + (0 - (4 - 0))
-4
Evaluate 31 - 35 - ((0 - -1) + 2).
-7
1 + (0 - -4 - 0)
5
What is 6 + 0 + (-4 - -1) + -5?
-2
Evaluate 1 - (-8 + 6 - -2).
1
(-1 - -1) + -2 + (4 - -2)
4
What is 2 + -1 - ((2 - 2) + 5)?
-4
Calculate -3 - (4 + (-1 - -1) + -3).
-4
-33 + 30 - (3 + -1)
-5
Calculate 17 + (0 - 8) + 8 + -7.
10
What is -3 + (-4 - ((3 - 3) + -4))?
-3
Evaluate -1 - 2 - (-22 - -18).
1
Calculate (-1 - 0) + -1 - (-1 + 4).
-5
What is the value of (8 - 3 - (-1 + 4)) + -1?
1
Calculate -2 - -14 - (63 + -49).
-2
-1 - (6 + -4) - (6 - 4)
-5
What is 0 + (4 + -4 - -4)?
4
What is -7 + 1 + 1 + 2 + 0?
-3
(5 - 2) + -7 + 9 + -2
3
-2 + (-2 - -1 - 1 - -2)
-2
What is the value of 0 - (4 + -6 + -1 - 0)?
3
What is (-7 - (-2 + 1)) + (-223 - -225)?
-4
What is (3 - 10) + 5 + (0 - 2)?
-4
What is the value of -9 - (2 + -9) - (-4 - -2)?
0
Evaluate 2 + -1 + 5 + (-2 - 3).
1
Evaluate -11 - (-13 + 3) - (1 - -4).
-6
Calculate -1 - (-4 - -7 - 2).
-2
Evaluate -6 - 0 - -5 - -7.
6
Calculate -4 + 4 - (3 + 0).
-3
Calculate 6 - (2 - 0 - -1).
3
What is the value of 1 - (6 - (15 + -8))?
2
Evaluate 5 + -1 + -9 + 2 + 3.
0
-5 + -9 + 11 - (-3 + 1)
-1
Evaluate 5 + -1 + (7 - 4) - 2.
5
-12 + 0 + (-4 - -8) + 4
-4
Calculate 2 + 0 - (-5 - -9) - -4.
2
What is the value of 13 + (4 - 10) + -3 + 3?
7
Calculate 4 + 1 + -28 + 30.
7
Calculate (41 + -44 - (1 + -7)) + 1.
4
What is -6 + 3 + -2 + (1 - -1)?
-3
Calculate (-2 - -6) + (2 + 4 - 3).
7
What is -8 + 22 + -1 + -5?
8
What is the value of 6 + -14 + 2 + 4?
-2
What is the value of 3 - (-1 - (-2 + 0))?
2
Evaluate -5 + 2 + -2 + -2 + 5.
-2
What is 4 + 1 + (9 - 3) + -15?
-4
1 + (4 - (-7 + 4) - 13)
-5
What is the value of (0 + 6 - 3) + 2?
5
Calculate 16 - (10 + (1 - 2)).
7
What is the value of 6 - (1 + (-2 - -12))?
-5
Evaluate 4 - -5 - 8 - -3.
4
What is the value of (-32 - -36) + (1 - 2)?
3
What is the value of (-7 - -2) + 15 + -7?
3
What is the value of 2 + -2 + -4 + -1?
-5
Evaluate 2 + 1 + -1 + -2.
0
-9 - -6 - -2 - 7
-8
-1 + -8 - -2 - -10
3
Calculate 6 - (10 - (-13 + 10)).
-7
9 - ((8 - -2) + -6)
5
What is the value of 2 + 0 + 8 + -13?
-3
3 + -1 + 0 - 5
-3
Evaluate -8 + 6 - 0 - 4.
-6
Evaluate (8 + 3 - 1 - 6) + -3.
1
-3 + 7 - (-2 - (3 - 4))
5
What is -1 + (9 - (0 - -2)) - 4?
2
5 - ((-3 - 1) + 6)
3
What is -2 - -2 - (67 + -61)?
-6
What is 6 + -10 + (7 - 3)?
0
What is (6 - (-1 - -5)) + (-6 - -4)?
0
What is 6 + (7 - 3) - (16 + -11)?
5
Evaluate 20 - (9 - (-2 - 0)).
9
What is the value of 0 + -6 + (-1 - (-4 - -1))?
-4
Calculate -3 + 2 + -2 + -3 + 1.
-5
Evaluate 1 - 4 - (10 - 7).
-6
What is -1 + (-5 - -8) + -9?
-7
What is the value of -8 + 17 + -13 + (4 - -1)?
1
Evaluate -8 + (0 - (-3 - -1) - -2).
-4
What is the value of (1 - (1 + 2)) + (7 - 1)?
4
0 - -2 - (6 - (10 - 0))
6
Calculate 0 - -4 - (7 + 3 - 8).
2
Calculate 2 + -1 + 6 + -5 + -3.
-1
Evaluate 3 - (5 - 1) - 0.
-1
What is 0 + 2 - (-24 + 22)?
4
(-6 + 5 - 1) + 8 - 2
4
What is the value of -4 + (2 - (-4 + 3))?
-1
3 - 0 - (7 - -11 - 16)
1
-6 - (-12 + 8) - (0 - 1)
-1
What is the value of (-9 - -17 - 15) + -3 + 15?
5
Calculate -7 + -1 + 1 + -25 + 27.
-5
Calculate (-9 - -2) + 12 + 1.
6
What is the value of -7 + -1 - (3 + -2)?
-9
What is the value of 2 + 14 + -7 + -1 + -17?
-9
Evaluate 7 - (-7 + 2 + 5).
7
1 - (1 - (-2 + (4 - 3)))
-1
Evaluate -7 - ((-5 - (5 - -3)) + 3).
3
Evaluate 1 + -5 + 5 - 6.
-5
What is (6 + -10 + 7 - -1) + -10?
-6
-6 + 6 + -10 + 10
0
Evaluate 10 + -3 + (-7 - -4).
4
Calculate 5 - (-1 + -1 + 10).
-3
What is the value of -3 + 2 - (4 - 0) - 0?
-5
2 + (-4 - -3) + 3 + 0
4
What is 0 + 0 + -5 + 11 + -10?
-4
What is 1 + -4 - (7 + -14 - 1)?
5
Calculate -5 - -10 - (2 + 4).
-1
10 + (-4 - -2 - 3 - -3)
8
What is the value of (3 - (9 + -7)) + (-5 - 1)?
-5
What is the value of 2 + (-6 - -10) - (-2 - 0)?
8
What is -3 + (-14 - -11 - -8)?
2
Evaluate -3 + 1 + -4 + 5.
-1
Evaluate (17 - 8) + -8 + -2.
-1
Evaluate 5 - (15 + -2 + 0 + -8).
0
Calculate -6 + (-2 - (-6 - -4)).
-6
What is -1 - (1 + 0 + 2)?
-4
(-4 - (6 + -12)) + -9
-7
Calculate -1 + -5 - (142 + -143).
-5
Evaluate 10 + (-8 - 4 - -5).
3
3 + (-1 - -4) + (13 - 17)
2
0 + (1 - (-5 - 0)) + -5
1
What is the value of -7 + (8 - (3 + -2) - 5)?
-5
Calculate 36 + -40 + (3 - 1).
-2
Evaluate 1 + 1 - (-1 - (-4 + -3)).
-4
Calculate -7 + 8 + -6 + 2.
-3
2 + 0 + 1 + -6 + -2
-5
What is 8 + 1 + (-10 - -10)?
9
Calculate -3 + (-10 - (-2 + -15)).
4
Calculate -2 - (-11 - (-11 + 10)).
8
Evaluate -1 - ((-2 - -7) + -9 + 10).
-7
What is -3 - (8 + (-12 - -4))?
-3
What is -1 - (3 + 6 + 19 + -21)?
-8
What is the value of (1 - 5) + 7 + (1 - 0)?
4
Evaluate 4 + (2 + -5 - -2) - 1.
2
What is -8 - (3 + -14 + 6)?
-3
Calculate (-6 - -4) + -1 - -2.
-1
Evaluate -6 + 8 + (4 - (2 + 6)).
-2
What is the value of (-16 - -10 - -20) + -10?
4
What is (0 - (3 + 3 - 3)) + 6?
3
Calculate -4 - (-7 - -10 - (0 + 9)).
2
-2 - 3 - (-53 + 47)
1
What is 1 - 4 - (6 - 7)?
-2
0 + -4 + 5 - -4
5
Evaluate -2 + 5 + 0 + -1.
2
-6 - (0 - -2) - -4
-4
